09906229 composite?
False
Is 9998551931 prime?
True
Is 1515410243 a composite number?
True
Is 13397425417 prime?
True
Is 3216773669 composite?
False
Is 607829503 a prime number?
True
Is 3696401767 composite?
False
Is 6128998703 composite?
True
Is 1072000453 prime?
True
Is 31739794 a composite number?
True
Is 59610983719 composite?
True
Is 12848995279 composite?
True
Is 1412800769 a composite number?
False
Is 748265179 prime?
False
Is 21854358895 a prime number?
False
Is 19443716437 a composite number?
True
Is 10296152747 prime?
True
Is 5398751233 prime?
False
Is 534937661 a composite number?
False
Is 5272067839 a composite number?
True
Is 121497683687 composite?
False
Is 318844369 a prime number?
False
Is 18894079187 composite?
True
Is 58312574087 a composite number?
True
Is 1957001567 a prime number?
True
Is 39833634959 a prime number?
True
Is 6628881151 a prime number?
True
Is 483651131 a prime number?
True
Is 1355847797 composite?
False
Is 23032957 a prime number?
True
Is 31521286237 composite?
True
Is 164072427 composite?
True
Is 173721972317 composite?
True
Is 102504427889 a prime number?
True
Is 5965574455 composite?
True
Is 169730349 a prime number?
False
Is 17949750397 prime?
False
Is 681471907 a prime number?
True
Is 3502308911 a prime number?
True
Is 8794748951 composite?
False
Is 2233231501 prime?
False
Is 957660441 a composite number?
True
Is 79297073 prime?
True
Is 540156731 a composite number?
True
Is 982356889 composite?
False
Is 1347292169 a composite number?
False
Is 36580742719 a composite number?
False
Is 123890131 prime?
True
Is 14290096307 prime?
True
Is 12980094187 a composite number?
False
Is 2142320447 a prime number?
False
Is 256591415 prime?
False
Is 43381620962 a prime number?
False
Is 3526066529 a composite number?
True
Is 2643854453 a prime number?
True
Is 2236853051 composite?
False
Is 8759896031 prime?
False
Is 711398689 a prime number?
False
Is 19346068169 composite?
True
Is 545073761 composite?
True
Is 344810129 prime?
True
Is 27727743237 composite?
True
Is 2708331067 a prime number?
False
Is 2493853969 a prime number?
True
Is 157242798551 a composite number?
True
Is 75805297291 a composite number?
True
Is 789185258 a prime number?
False
Is 9522642869 a composite number?
True
Is 5108428069 a prime number?
False
Is 77644642961 a composite number?
False
Is 2158691149 composite?
False
Is 10063190479 a prime number?
False
Is 5062817407 composite?
False
Is 86446279 prime?
True
Is 304928977 prime?
True
Is 812852917 a prime number?
True
Is 12656494619 a prime number?
True
Is 76845394357 a composite number?
True
Is 2149128649 a composite number?
True
Is 2323291259 a composite number?
False
Is 725516773 composite?
False
Is 12756733061 composite?
True
Is 91259614181 a composite number?
False
Is 25664712547 a prime number?
True
Is 955226014 prime?
False
Is 1129567871 prime?
True
Is 6236702201 prime?
False
Is 850099927 prime?
True
Is 168603749 a composite number?
True
Is 13925573327 a composite number?
False
Is 46488373 a composite number?
False
Is 75742028371 a prime number?
False
Is 1241776769 a prime number?
True
Is 9047848057 prime?
False
Is 18194460047 prime?
False
Is 1438059463 composite?
False
Is 2650825447 prime?
False
Is 2374899271 a prime number?
True
Is 38239188997 composite?
True
Is 573147553 a composite number?
True
Is 122086147 composite?
False
Is 2663064289 prime?
True
Is 1496501411 prime?
True
Is 4716308177 a composite number?
True
Is 2864273539 prime?
True
Is 88607981743 prime?
False
Is 102365266243 composite?
True
Is 420330511 a composite number?
False
Is 4910239517 prime?
True
Is 1049794373 composite?
True
Is 208253323 a prime number?
True
Is 6414492199 a prime number?
False
Is 667905079 composite?
True
Is 9585201697 a prime number?
True
Is 14425661381 composite?
False
Is 1437314887 composite?
True
Is 1995842473 prime?
False
Is 6747537467 a prime number?
False
Is 3446017127 composite?
True
Is 18977669771 composite?
True
Is 16145682619 a composite number?
True
Is 9117277147 prime?
False
Is 2960836543 a composite number?
True
Is 301653089 a composite number?
True
Is 48789433807 a prime number?
True
Is 881273621 composite?
True
Is 911040707 prime?
False
Is 6997848889 a prime number?
False
Is 162467123473 composite?
False
Is 71114350757 composite?
True
Is 26245764869 a prime number?
True
Is 42694205351 a composite number?
True
Is 30043688117 composite?
True
Is 3308984389 composite?
False
Is 87235820369 a composite number?
False
Is 7875700633 prime?
True
Is 8982637 a prime number?
False
Is 25211057371 a composite number?
True
Is 4561031357 composite?
False
Is 4428971971 a prime number?
False
Is 286408457 prime?
False
Is 1600039879 a prime number?
False
Is 2177669973 prime?
False
Is 13636866515 a prime number?
False
Is 6246471417 a prime number?
False
Is 1584672703 composite?
False
Is 513072509 a composite number?
True
Is 332888719 composite?
False
Is 408679391 prime?
True
Is 295739219 a prime number?
True
Is 1405311929 prime?
False
Is 27629716163 prime?
False
Is 33987749123 composite?
False
Is 3089185207 a composite number?
False
Is 10740192161 a prime number?
False
Is 44743207071 a prime number?
False
Is 11906146547 a composite number?
True
Is 201557113 composite?
False
Is 423740805373 composite?
False
Is 20177056919 a prime number?
True
Is 553754977 composite?
True
Is 860321177 a prime number?
False
Is 3195541443 prime?
False
Is 14393178557 prime?
True
Is 5325481771 a composite number?
True
Is 54431411 a prime number?
True
Is 337913809 a composite number?
False
Is 5911758529 prime?
True
Is 90336839 prime?
True
Is 4174392423 composite?
True
Is 6053631001 composite?
True
Is 3694976357 a composite number?
True
Is 183779082439 a composite number?
True
Is 1380892879 a composite number?
False
Is 627181351 composite?
True
Is 8731793891 composite?
False
Is 47621851 a composite number?
False
Is 372469299 composite?
True
Is 11439723409 prime?
False
Is 190434437 a composite number?
False
Is 208912470761 a prime number?
True
Is 4115910167 composite?
True
Is 9795816851 a composite number?
True
Is 71898128319 a prime number?
False
Is 1350929777 prime?
False
Is 43164111871 prime?
True
Is 11651672077 a prime number?
True
Is 12156566798 a composite number?
True
Is 1292097379 a composite number?
True
Is 72959830199 prime?
False
Is 12838138199 a prime number?
True
Is 9918556579 composite?
True
Is 9480393899 prime?
True
Is 4882530269 prime?
False
Is 1444850177 prime?
True
Is 1590949567 composite?
False
Is 2098676359 a prime number?
False
Is 1139841641 a prime number?
True
Is 761894711 composite?
True
Is 9016757 a composite number?
False
Is 35512282153 composite?
False
Is 2174046541 composite?
False
Is 356357371 prime?
False
Is 862629067 prime?
True
Is 354473237 a composite number?
True
Is 103659169 a composite number?
False
Is 397055042 prime?
False
Is 15511109 prime?
True
Is 9406387409 a composite number?
False
Is 9007717681 composite?
False
Is 1046113174 a prime number?
False
Is 515068087 a composite number?
True
Is 429209111 composite?
False
Is 12664545293 prime?
True
Is 5679122411 prime?
True
Is 365449154773 composite?
False
Is 45894157451 composite?
False
Is 13989292195 a prime number?
False
Is 2876988893 composite?
True
Is 109475153 composite?
True
Is 64789774367 composite?
True
Is 17407936487 prime?
True
Is 3396767317 a composite number?
True
Is 280033301 a prime number?
False
Is 16808008367 a composite number?
False
Is 2094700871 a prime number?
True
Is 15582420827 a composite number?
False
Is 4655385479 a prime number?
True
Is 470954821 prime?
False
Is 1618460957 a prime number?
True
Is 7305293891 composite?
True
Is 178321513 a prime number?
False
Is 35316538951 composite?
False
Is 29587016933 composite?
False
Is 24522493607 composite?
True
Is 2186502217 prime?
False
Is 2318149213 composite?
False
Is 965180267 prime?
True
Is 12851211881 a prime number?
True
Is 4635829267 a prime number?
True
Is 16513423061 prime?
True
Is 104517531539 composite?
True
Is 6885624989 prime?
True
Is 3088786007 prime?
True
Is 1956379291 a composite number?
True
Is 18454668067 prime?
False
Is 3851223919 a prime number?
True
Is 30548758187 composite?
False
Is 10742495311 a composite number?
True
Is 215971607 a prime number?
True
Is 19103